Let c be a(b). Calculate the highest common divisor of c and 10.
10
Suppose -6 = -4*n - 3*j, 5*j - 6 - 4 = n. Let l(h) = 2*h**2 - 7*h - 2. Let w be l(5). Let t = w - n. What is the greatest common divisor of t and 52?
13
Let q = 8 - 4. Suppose 3*u - 4*v + 2 = -4, -q*u = -5*v + 7. Suppose 4*i - 110 = -2*z, -4*z - u*i = -2*z - 118. Calculate the greatest common divisor of 7 and z.
7
Suppose -3*z + 59 = -2*b, 3 = 2*b - 1. Let j be (4 - (-4)/(-8))*42. What is the highest common divisor of z and j?
21
Let l = 27 - 13. Let s = 17 + -15. Calculate the greatest common divisor of s and l.
2
Suppose 66*k = 47*k + 38. Suppose -3*s + 31 = 6*q - 2*q, -5*q - 5 = -5*s. Calculate the greatest common factor of q and k.
2
Suppose -5*r = -c - 2*r + 7, -5*c - r + 67 = 0. Calculate the highest common factor of 143 and c.
13
Let l(w) = -71*w**2 + 2*w + 1. Let f be l(-1). Let n = f - -137. Suppose -2*u + 52 = -0*u. What is the greatest common factor of u and n?
13
Let u be (1486/(-1))/(22/(-11)). Suppose 2*k + 2191 - u = 5*o, -2*o - 5*k = -556. Calculate the greatest common factor of 32 and o.
32
Suppose -25 = -x - 4*x. Let h = 19 - 19. Let q be 40*(h + -2 + x). What is the highest common divisor of 15 and q?
15
Suppose -12*j - 65 = -497. What is the highest common factor of 4 and j?
4
Let j be 8 - (-3)/(-3 - -4). Let o = j - -2. What is the highest common factor of o and 65?
13
Suppose -2*u = -150 - 90. Suppose -2*f + 5*s - 8 = -6*f, -4 = -2*f - 2*s. Suppose -2*y + u = f*y. Calculate the greatest common factor of 6 and y.
6
Let w = 5 + -3. Suppose -w*d + 2*l + 17 = -l, -2*d + 15 = -5*l. What is the greatest common divisor of 70 and d?
10
Let k = 6 + -4. Let u = 4 + -3. Let r be 12 - k - u - -1. Calculate the greatest common divisor of r and 25.
5
Let g = 7 + -10. Let q be ((-30)/5)/(g/20). What is the greatest common factor of 4 and q?
4
Suppose 2 = -4*o + 6. What is the highest common factor of 7 and o?
1
Suppose s - 40 = -5*w, -2*s + 4*s + 2*w - 64 = 0. Suppose -s = -4*t - 2. Let h(c) = 2*c - 16. Let g be h(15). Calculate the highest common divisor of g and t.
7
Let t = -10 - -17. Suppose 4*g - 12 = -4. Let y(c) = 3*c**3 + c + 2. Let u be y(g). What is the highest common factor of t and u?
7
Suppose -q = -2 - 3, -2*b = -2*q - 70. What is the highest common factor of b and 60?
20
Let v = -1 - -1. Suppose 7 = -v*h + h. Calculate the highest common divisor of h and 35.
7
Suppose -3*z + 417 = 2*h + 3*h, -4*z = -4*h + 308. Calculate the highest common divisor of h and 54.
27
Suppose -3*b = 2*b - 3*j - 58, -2*b + 8 = -5*j. Calculate the greatest common factor of b and 2.
2
Let g be (-1)/((-3)/3) - 2. Let k(p) = -51*p + 1. Let x be k(g). Let u be (-50)/(-4) + (-1)/(-2). What is the highest common factor of x and u?
13
Suppose 4*z = 2*k + k - 226, 0 = -4*k + 5*z + 300. What is the highest common factor of k and 14?
14
Let s be (-469)/(-3) + 16/(-12). What is the greatest common factor of s and 31?
31
Suppose 0 = -2*z + 2*a + 166, -4*z = z + 2*a - 436. Suppose 4*n - b - 29 = 3*n, z = 4*n + 2*b. Let f = 4 - 0. Calculate the highest common divisor of n and f.
4
Let p = -168 + 192. What is the greatest common divisor of p and 12?
12
Let v be -10*(0 + 64/(-20)). Calculate the highest common factor of v and 16.
16
Let m be 4 - 5/((-15)/12). Calculate the greatest common divisor of m and 4.
4
Let h(f) = -f**3 + 6*f**2 - 2*f - 1. Let g be h(6). Let u = -7 - g. What is the greatest common factor of u and 3?
3
Let w be (-14262)/(-27) - 4/18. Let m = 911 - w. Suppose 4*s - 252 = -2*o, m = 5*o + 3*s - 268. Calculate the greatest common factor of o and 12.
12
Suppose -c - 2*c + 99 = 0. Let u(l) = -l + 2*l**3 + 3*l**2 + 2*l - 3*l**3. Let i be u(3). What is the greatest common factor of c and i?
3
Let v = -8 - -21. What is the greatest common factor of 104 and v?
13
Let n = 47 - -81. Calculate the greatest common factor of 32 and n.
32
Let y be 3/18 + 5*39/18. Let n(u) = u**3 - 4*u**2 + 4*u - 8. Let g be n(6). Calculate the greatest common divisor of g and y.
11
Let z be (0 - (-1 + -94))*1. What is the highest common divisor of 38 and z?
19
Let z be 5/2 - (-2)/(-4). Suppose -z*b = -b - 18. Suppose -2*k = -0*k - 108. Calculate the greatest common divisor of b and k.
18
Let x(y) = -5*y + y**3 - 2 + 0*y**2 - 1 - 2*y**2. Let n be x(4). Suppose 0 = -2*a + n + 13. Calculate the highest common factor of a and 77.
11
Suppose 0 = -0*f - f + 4*y - 1, 3*f - y = 8. Calculate the highest common factor of 9 and f.
3
Let l(s) = -s**2 + 11. Let y be l(0). Suppose -y = -x + 29. Let t(f) = 15*f + 1. Let d be t(1). What is the highest common factor of x and d?
8
Suppose -6*n + 3*n = -249. Let j = n - 57. What is the greatest common factor of 65 and j?
13
Let w = 19 - 6. Let y(u) = u**3 - 3*u**2 - 3*u - 3. Let g be y(4). Let c(z) = 116*z + 1. Let b be c(g). What is the highest common factor of b and w?
13
Let s(q) = q - 1. Let w(x) = 16*x - 22. Let r(v) = -36*s(v) + 2*w(v). Let j be r(-4). Calculate the greatest common factor of 88 and j.
8
Let x(s) = 10*s**2. Let d be x(-2). What is the greatest common factor of d and 10?
10
Let r be 4*-1 - -2 - -7. Suppose 2*d - r = 1. Suppose d*q - 176 = -q. What is the highest common factor of 4 and q?
4
Let h(r) = r**2 - 10*r - 9. Let l be h(9). Let n = l + 25. Calculate the greatest common divisor of n and 49.
7
Let c be ((-3)/6)/(10/(-860)). What is the greatest common factor of 86 and c?
43
Suppose -v + 11 = -4. Suppose -2*s + 3*f = -v - 37, 125 = 5*s - 5*f. What is the greatest common divisor of 69 and s?
23
Let h be 10 - (-5)/(10/4). Let i = 8 - h. Let g be (-97)/(-3) + i/(-6). What is the highest common factor of 11 and g?
11
Let v = 60 - 34. Let k(p) = -2*p - 1. Let b be k(-4). Suppose 2*d - b = d + 2*a, -5*d + 2*a = -59. What is the greatest common factor of d and v?
13
Suppose -17 - 20 = -o + z, 3*o = z + 117. Let v = 12 - 4. Calculate the greatest common divisor of o and v.
8
Let x(w) = -8*w**3 + 3*w**2 - 2*w + 3. Let s be x(-4). Suppose 4*a + b - s = -4*b, -3*a = -5*b - 437. What is the highest common factor of 18 and a?
18
Suppose 2*l - 46 = -5*z + 3*l, -4*z = -l - 37. Let j be -54*(-3 + (-8)/(-3)). What is the greatest common factor of j and z?
9
Let h be -1 + (-4)/(-1) + 12. Let u be ((-24)/(-10))/(2/h). Suppose 5*c - 275 = p, -285 = -5*c - 2*p + 5*p. Calculate the highest common factor of c and u.
18
Suppose 183 - 27 = -13*w. Let r = 4 - 6. Let o = r - w. Calculate the highest common divisor of 90 and o.
10
Suppose -3*o = 5*h + 15 - 80, o = 2*h - 15. What is the greatest common factor of h and 50?
10
Let v(x) = x**3 + 7*x**2 + 6*x - 3. Let y be v(-3). Calculate the greatest common factor of y and 10.
5
Let m be (54/(-21))/((-3)/14). Let v = m + -11. What is the greatest common divisor of 8 and v?
1
Let z(d) = 19*d - 7. Let v be z(-5). Let b = v - -174. Let t(n) = n**3 - 12*n**2 - 12*n - 1. Let y be t(13). What is the greatest common divisor of b and y?
12
Let s(d) = d**3 - 7*d**2 - 6*d - 14. Let o be s(8). Let h be -4*1/(-2) + 0. What is the greatest common factor of h and o?
2
Let o be (16/2)/(8 - 7). What is the highest common divisor of 20 and o?
4
Suppose -6*b + 6 = -3*b. What is the highest common divisor of 2 and b?
2
Let v = 13 + -11. Suppose 4*z = -5*h + 52, 4*h - v*z + 4 = 30. Calculate the greatest common divisor of 40 and h.
8
Let r(k) = k - 8. Let m be r(17). Calculate the greatest common divisor of m and 117.
9
Let v = 2 + 0. Suppose 0 = -v*b + 3 + 21. Calculate the highest common divisor of 30 and b.
6
Suppose 0 = 4*c - 4*d - 36, c - 6*c - d = -51. Let f be c - (2 + -2 - 0). Suppose -s - f = -6*s. What is the highest common divisor of s and 18?
2
Let t(d) = -d**3 + 9*d**2 + 7*d + 3. Let m be t(7). What is the greatest common factor of m and 60?
30
Let o(l) = 5*l - 13. Let y be o(3). Calculate the highest common divisor of 18 and y.
2
Let l(g) = g**2 + 1. Let u be l(-3). Calculate the greatest common factor of u and 15.
5
Suppose -4*r - 5*f + 82 = 0, -54 = -4*r + f + 16. Calculate the highest common factor of 36 and r.
18
Let g be 20 - 4 - (0 + -2). Let s = 28 + -1. Calculate the highest common factor of s and g.
9
Let j(n) = -n**3 - 5*n**2 - 1. Let d be j(-5). Let r = 4 + d. Suppose 18 - 54 = -r*s. What is the highest common divisor 